s(3) is divided by c.
36
Calculate the remainder when (-9)/(441/28) - 5006/(-14) is divided by 20.
17
Let y = -49 + 46. Let i be ((-4)/(4/(-5)))/(y - -4). Suppose i*r - 148 = -63. Calculate the remainder when r is divided by 10.
7
Suppose 0 = -2*j + 6, 2*j - 9 = 7*d - 8*d. Suppose d*p - 274 = 3*z - 4*z, -5*z + 369 = 4*p. What is the remainder when p is divided by 47?
44
Suppose 330*j - 57365 = -5*b + 335*j, -4*b + 45888 = -5*j. What is the remainder when b is divided by 28?
25
Suppose 180 = -127*d + 131*d + u, -4*u + 16 = 0. Calculate the remainder when 115 is divided by d.
27
Suppose -l + 2*s + 1 = 0, 12*l = 13*l + 4*s - 7. What is the remainder when l/(54/(-4)) - 14980/(-18) is divided by 119?
118
Suppose -y + 4*n + 403 = 0, 2579*y - 4*n = 2582*y - 1353. Calculate the remainder when 910 is divided by y.
32
Let t be 3 - 6/3*10/2. Let r(i) = 7 - 17 - i**2 + 3 - 9*i. Calculate the remainder when 39 is divided by r(t).
4
Let y be (-6 + 5)*(-5 - 0). Suppose -4*k + 79 + 24 = y*n, -2*k + 2*n + 56 = 0. Let h = 27 + -13. Calculate the remainder when k is divided by h.
13
Calculate the remainder when (-29)/(-2*(-2)/(-1072)*-4*-1) is divided by 24.
23
Let h = 246 - 236. Suppose -l + 2*r = -h, -8 = 2*l - r - 37. Calculate the remainder when 175 is divided by l.
15
Suppose 103*a - 168 = 100*a. Let k = 116 - a. What is the remainder when k is divided by 22?
16
Suppose 3*s - 85 + 205 = a, -2*a = -5*s - 239. Suppose 0 = 6*u - a - 27. Calculate the remainder when 67 is divided by u.
19
Let o(i) = -2*i**3 + 3*i + 4. Suppose 2*w - f = -6, w - f + 8 = -2*w. What is the remainder when 53 is divided by o(w)?
11
Let r = 4172 - 4166. What is the remainder when 7 is divided by r?
1
Suppose 5*z + 2*d = -d + 122, 14 = z - 2*d. Suppose o + 2*c = 103, -4*c = -4*o + 3*o + 85. Calculate the remainder when o is divided by z.
9
Suppose 56*v + 59*v + 6344 = 117*v. What is the remainder when v is divided by 9?
4
Suppose -3*f = -39*f + 540. Suppose -347 = -f*l + 193. What is the remainder when 94 is divided by l?
22
Let k = -382 + 433. Calculate the remainder when 493 is divided by k.
34
Suppose 2*s + 5*a = 14 + 34, 0 = -5*s + 6*a + 46. What is the remainder when 1496 is divided by s?
12
Let o(k) = -117 + 4*k**2 + 347 - 5*k - 9*k**3 - 118 - 117. What is the remainder when o(-2) is divided by 32?
29
Suppose 614 = -3*u - v, 5*u = -56*v + 58*v - 1005. Let w = u + 262. Calculate the remainder when 154 is divided by w.
36
Let q(w) = 3*w**3 + 60*w**2 + 21*w - 55. What is the remainder when q(-19) is divided by 310?
9
Suppose -5*g = 4*f - 270, -f - 166 + 4 = -3*g. Suppose 25 = p - a, 4*p - 71 = -a + g. Calculate the remainder when p is divided by 11.
8
Suppose -2284*p + 2288*p - 940 = -4*y, 5*y + 4*p = 1176. What is the remainder when 482 is divided by y?
10
Let q(s) = 11*s**2 - 15*s + 25. Let v be q(5). Suppose v*k + 101 = 226*k. What is the remainder when k is divided by 17?
16
Let t(s) = 6*s**3 + 51*s**2 + 58*s - 12. Suppose -2*j + 64 = -620. What is the remainder when j is divided by t(-7)?
20
Let n(i) = 11*i**2 - 132*i + 633. Let q(p) = 4*p**2 - 44*p + 211. Let d(h) = 3*n(h) - 8*q(h). What is the remainder when 46 is divided by d(39)?
14
Suppose -1 + 3 = b + 2*s, -b = -2*s - 22. What is the remainder when ((-345)/b)/(-1 - 9/(-12)) is divided by 17?
13
Let d(p) = p**2 + 25*p + 29. Let r be d(-24). Suppose 5*b - 190 = -r*b. What is the remainder when 64 is divided by b?
7
Let h(f) = 3*f**2 - 7*f + 1. Calculate the remainder when h(-9) is divided by ((-33)/9 + 1)*((-55)/2 - -11).
43
Suppose 0 = -64*a + 40*a + 210*a - 12276. What is the remainder when 583 is divided by a?
55
Suppose 136*l - 1537 - 2135 = 0. What is the remainder when 65 is divided by l?
11
Suppose 5*x - 92*x = -2*x - 16830. Calculate the remainder when 323 is divided by x.
125
Suppose 0 = -5*h + 45*s - 42*s + 32, 2*s + 20 = 3*h. Let w(b) = -9*b + 77. Calculate the remainder when w(h) is divided by 18.
5
Let f be -31*6*3/(-6). Let i = f - -114. Calculate the remainder when i is divided by 53.
48
What is the remainder when 107 is divided by (-904)/(-48) - 119/(-102)?
7
Let z(x) = x**3 + 4*x**2 - 2*x + 19. Let d(k) = 3*k**2 - 1. Calculate the remainder when d(5) is divided by z(0).
17
Suppose -3*n + 33586 = 132*n - 604424. Calculate the remainder when n is divided by 364.
358
Let c(i) = 6*i**2 + 8*i - 31. Let m be c(9). Let y = m - 415. What is the remainder when y is divided by 20?
12
Suppose -551*b + 574*b = 322. Suppose 5*f + 16 = -d, -1 = -2*f - 5. What is the remainder when b is divided by (10/(-4) - -2)*d?
2
Let l(q) = 11*q + 23. Let n be l(6). Suppose -3*a + 4*u = 3*u - 104, 2*u - n = -3*a. Suppose 3*k = -0*k + a. Calculate the remainder when k is divided by 4.
3
Let u(n) = 11*n**2 + 340*n - 3034. Calculate the remainder when u(9) is divided by 116.
105
Let i be (-1 + 1/3)*(-27)/6. Suppose 0 = i*m - 4*m. Suppose m*f - 3*f + 12 = 0. What is the remainder when f is divided by 3?
1
Let a be (-188)/(-8) - (3/(-6) + 0). Let k = 126 - a. Let v = k + -86. Calculate the remainder when v is divided by 9.
7
Suppose 5*g - 208 = 3*g. Let w = g + -86. What is the remainder when 101 is divided by w - ((-3 - -5) + -5)?
17
Suppose 0 = -4*v + 8 + 8, 0 = -2*m + 4*v + 226. Let a = m + -36. Let l = a + -75. What is the remainder when 58 is divided by l?
8
Let a = 446712 - 446624. Suppose -4*d - 4*c - 212 = 48, 2*c + 196 = -3*d. Let v = 112 + d. What is the remainder when a is divided by v?
42
Suppose u - 3*u + 2*n = 4, 0 = n - 4. Suppose -f + 20 = u*g, -g - 8*f = -13*f - 21. Calculate the remainder when 142 is divided by g.
10
Let h(w) = -37*w - 170. Let t(g) = -6*g**3 + 2*g**2 + g + 1. Suppose -3*d + 0*s = s + 8, 5*d - 5*s = 0. Calculate the remainder when t(d) is divided by h(-5).
10
Suppose 3*c + 117 = 108, -c = -w + 78. What is the remainder when (-6 - -3) + 11/(11/w) is divided by 11?
6
Let q(h) = -20*h**2 + 847*h - 57. Calculate the remainder when 246 is divided by q(42).
9
What is the remainder when 2136 is divided by (169 + -1)/((888/(-16))/(-37))?
8
Suppose g + 317 = -l + 5*l, -3*g + 63 = l. Let z = -152 - -149. Calculate the remainder when l/10*(13 + z) is divided by 27.
24
Suppose 31 = 3*u - 2*u - 2*x, 129 = 4*u - 3*x. Suppose -4*b = 5*w - 106 - 565, -5*b = -5*w - 805. Calculate the remainder when b is divided by u.
32
Let j = -4541 - -4560. What is the remainder when 644 is divided by j?
17
Let j = 267 + -188. What is the remainder when 630 is divided by j?
77
Let m be (-1 - 30/(-18))/((-8)/(-1356)). Let w = -104 + m. Calculate the remainder when 25 is divided by w.
7
Let b = 29 - -19. Calculate the remainder when b is divided by (-40964)/924*(-6)/14.
10
Let u = 876 + -1242. Calculate the remainder when (5 - 32/6)/(1/u) is divided by 18.
14
Suppose -3172 + 2866 = -6*q. Calculate the remainder when 2493 is divided by q.
45
Suppose -16*r - 42 = 310. What is the remainder when 488 is divided by 18 + (-172)/44 + 2/r?
12
Suppose 4*m - 7137 = -6997. What is the remainder when 9866 is divided by m?
31
Let w be (1/4)/((-6)/72). Let f(h) = h**3 + 4*h**2 + h - 2. Calculate the remainder when 46 is divided by f(w).
2
Let y = 18766 - 10683. Calculate the remainder when y is divided by 55.
53
Let u = -1270 + 1284. Calculate the remainder when 388 is divided by u.
10
Let t(o) = -o**3 + 16*o**2 + 5*o + 4. Suppose -3*k = 2*k - 35. Let x be t(k). Suppose 0 = 5*l - 0*l - x. What is the remainder when l is divided by 25?
21
Let o(a) = -8*a**3 - 4*a**2 - 2*a + 1. Suppose -d + 18 = -4*h, -h + 3*h = -2*d - 4. Suppose 5*w + d + 3 = 0. What is the remainder when o(w) is divided by 6?
1
Suppose 5*d - 5*c = 580, -4*c + c = -9. Suppose 143 = 4*i - 150*q + 155*q, -4*q - 84 = -3*i. Calculate the remainder when d is divided by i.
23
Suppose 0 = 11*m - 13*m - 5*o + 77, 12*m - 430 = 2*o. Calculate the remainder when 45 is divided by m.
9
Let r be (-3)/(3/2)*15/(-10). Suppose 5*x - 149 = 3*y, 0*x - x - 3*y + 19 = 0. What is the remainder when x is divided by r - (1 - -1 - 4)?
3
Let a(s) be the second derivative of 47*s**3/2 - 3*s**2/2 + 9*s. Calculate the remainder when a(1) is divided by (-400)/(-48)*(-84)/(-20).
33
Let t(s) = -s**2 - 32*s - 135. Let z = 116 - 85. Calculate the remainder when t(-22) is divided by z.
23
Suppose 41*u = 13*u + 12*u 